ens digit of u?
4
Let r(q) = 17*q**2 + 238*q + 3135. What is the thousands digit of r(-74)?
8
Suppose 2472 = 3*a + 5*j - 78, -4*a - j + 3400 = 0. Let u = a - 540. What is the hundreds digit of u?
3
What is the thousands digit of 9819 + (-3)/5 + 13 + 469/(-35)?
9
Suppose 4*d - 2*f - 38590 = 0, -7*f + 443 = -d + 10123. What is the hundreds digit of d?
6
Let i(f) = 10*f**2 - 29*f - 334. What is the tens digit of i(-32)?
3
Let o be 11 + -3*1/1. Let i(s) = s**2 - 1. Let p be i(o). Suppose -7*j = -p - 658. What is the units digit of j?
3
Let d(v) = 3*v**2 + 4*v - 58. Let m be d(6). Suppose -m = -2*k + 792. What is the hundreds digit of k?
4
Let c(l) = -1682*l + 427. What is the tens digit of c(-7)?
0
Suppose 0 = -2*y + 4*l + 16, y - 4*y - 4*l - 26 = 0. Let t(x) = 83*x**2 - 2. What is the hundreds digit of t(y)?
3
Suppose 0 = -4*i - 0*i - 4*o + 32, 0 = -5*i + 5*o + 40. Suppose 12*h - i*h = 1036. What is the tens digit of h?
5
Suppose 26223 = 7*s + 5076. Suppose 5211 = 24*r - s. What is the tens digit of r?
4
Let k = 14962 + -5740. What is the thousands digit of k?
9
Let u = -8899 + 2800. Let v = u - -9299. What is the tens digit of v/55 + 2/(-11)?
5
Suppose 26*j - 23*j + 4*y - 38781 = 0, -38790 = -3*j - y. What is the tens digit of j?
3
Suppose -3*r + 12 = -5*r + 4*c, -5*r = 5*c. What is the tens digit of (8/20)/(r/(-130))?
2
Suppose 0 = 4*u - 3*u - 2. Suppose 2*v - r - 8 = 0, 5*v + 0*r - u*r - 18 = 0. Suppose -v*y = k - 4*k + 433, -4*y = 4*k - 544. What is the hundreds digit of k?
1
Let q = 14626 + -6891. What is the hundreds digit of q?
7
What is the units digit of ((4 - -1)/((-6)/(-516)))/(8/20)?
5
Suppose 3*w = -5*v + 40 - 14, 5*w - v = 34. Suppose -4 = -w*s + 6*s. What is the tens digit of (-1413)/(-7) - (s - (-116)/(-28))?
0
Let t(j) = 86*j**3 - 4*j**2 + 2*j + 1. Let k(h) = -2*h + 5. Let z be -2*(-4 + 3 + -2 + 2). Let q be k(z). What is the units digit of t(q)?
5
Let z = 1209 + -1207. Let i(y) = 6 + 52*y - 6 - 6. What is the units digit of i(z)?
8
Let r = 46 - 19. Let i = 27 - r. Suppose 5*u - 510 = -0*u - 5*y, i = 3*y - 9. What is the tens digit of u?
9
Let r = 34876 - 21901. What is the thousands digit of r?
2
Suppose 17 = -w - 12. Let m = -27 - w. Suppose m*a - 97 - 49 = 0. What is the tens digit of a?
7
Suppose s - 9680 = -d + 12843, -2*d + s = -45070. What is the hundreds digit of d?
5
Let z be (-740)/12 - 1/3. Let r = -431 + 439. Let h = r - z. What is the tens digit of h?
7
Let i(o) be the second derivative of 7*o**4/12 + 16*o**3 + 22*o**2 + 88*o - 1. What is the units digit of i(-14)?
2
Let r(m) = 565*m - 26. Let k(x) = -x**3 - 2*x**2 + 4*x + 5. Let i be k(-3). What is the tens digit of r(i)?
0
Suppose -24 = -4*d, -18*l + 14*l + d + 20154 = 0. What is the thousands digit of l?
5
Suppose -3*v = q + 7, 2*q = 4*v - 19 + 45. Let k(t) = 40*t**2 - 12*t - 5. What is the units digit of k(q)?
5
Let h(o) = 7*o**2 - 10*o + 4. Let s be h(8). Let q = s + -173. Suppose -q = -5*y + 346. What is the tens digit of y?
0
Suppose 2*z - 2*r + 5*r - 81 = 0, 5*z - r - 177 = 0. Suppose 7*y - 76 = -4*w + 2*y, -4*w + 5*y = -z. What is the hundreds digit of ((-46)/(-14) + w/(-49))*42?
1
Let t(g) = -260*g - 118. Let a be t(-14). Suppose -7066 = -4*p - 5*o, -2*p - 3*o - a = -4*p. What is the tens digit of p?
6
What is the units digit of (322/21)/((-4)/(-7848)*3) - -4?
2
Suppose 0 = -q - 5*q + 306. Let g = -49 + q. Suppose 3*a - 5*u = -g*u + 249, 2*u = a - 83. What is the tens digit of a?
8
Let y be 8/3*(10 + 230/(-20)). Let q(i) = -6*i**2 - 9*i - 2. Let z(s) = s**3 - 6*s**2 - 10*s - 3. Let t(k) = 3*q(k) - 2*z(k). What is the units digit of t(y)?
0
Let v(d) = 167*d**2 - 11*d - 20. Let z be v(-7). Suppose 0 = -3*w + 19*w - z. What is the hundreds digit of w?
5
Let a = -4081 - -1081. Let h = a + 4419. What is the units digit of h?
9
Suppose 2*d + d - 1324 = 4*m, 2199 = 5*d + m. Suppose d = -15*z + 1850. What is the tens digit of z?
9
What is the units digit of ((-26016)/128)/((-2)/48)?
8
Suppose -l - 6342 = -22*l. Let s = 906 - l. What is the units digit of s?
4
Let n(d) = d**2 + 14*d - 16. Suppose -43 + 63 = z. What is the tens digit of n(z)?
6
Suppose -5*i + 5*m + 40105 = 0, 0 = -4*i - m + 6505 + 25604. What is the units digit of i?
6
Suppose -z = -4*r + 12, -6*r = 2*z - 5*r - 12. Suppose 0*v = -5*t - 3*v + 5844, -z*t - 2*v + 4676 = 0. What is the hundreds digit of t?
1
Let h(u) be the first derivative of 8*u**3/3 + 11*u**2/2 - 290*u - 178. What is the units digit of h(16)?
4
What is the hundreds digit of (-61424250)/(-9375) + ((-104)/(-50) - 2)?
5
Let c(z) = -4*z**2 - 27*z + 9. Let i be c(-7). What is the units digit of ((-54)/(-21))/(i/56)?
2
Suppose 0 = -2*h - 16*u + 11*u - 1956, 2*h + 1960 = -4*u. Let w = -412 - h. What is the tens digit of w?
7
Suppose -9344 - 14404 = -9*q + 8724. What is the units digit of q?
8
Suppose 3*l - 15 = 0, -10*v + 6*v = l - 21. Suppose v*t - 4*o - 528 = 0, -6*o + 3*o - 532 = -4*t. What is the units digit of t?
6
What is the tens digit of 37/((-37)/(-8052)) - 2?
5
Suppose -16 = 20*c - 216. Let d(i) = 99*i + 2. What is the hundreds digit of d(c)?
9
Let a(x) = 1655*x - 2235. What is the ten thousands digit of a(8)?
1
Let v(y) = -289*y + 2189. What is the tens digit of v(-32)?
3
Let d(z) = -z**2 - 376*z + 9963. What is the thousands digit of d(0)?
9
Let m be (-64)/(-4) + (-5 + 3 - 0). Suppose -17*c + m*c + 1794 = 0. What is the tens digit of c?
9
Suppose 3*t - 28 = -31. What is the units digit of (t + 886/(-6))*(-411)/274?
3
Suppose -5*q = -2*g - 4*q - 52, -132 = 5*g - 3*q. Let v(k) = -k**3 - 25*k**2 - 24*k + 11. What is the units digit of v(g)?
1
Suppose 3 = q + 4*n, -2*n + 12 = 4*q - 0*n. Suppose 8*o - f - 1294 = q*o, -o - f = -254. What is the hundreds digit of o?
2
Let a = -2081 - -8871. What is the thousands digit of a?
6
Suppose -3*c + 2*i + 32 - 10 = 0, -4*c = 5*i + 9. What is the tens digit of 2/(c/(-32) - 572/(-4064))?
2
Let x(j) be the second derivative of j**5/10 - 19*j**4/6 - 7*j**3/6 - 24*j**2 - 103*j. What is the tens digit of x(20)?
1
Suppose 11*t + 841 = -16231. Let s = t - -992. Let i = -396 - s. What is the units digit of i?
4
Let m(b) = -114*b + 66 + 102*b + 104 + 64*b. What is the units digit of m(7)?
4
Let i(p) = 29*p - 78. Let k be i(5). Let t = 86 + k. What is the units digit of t?
3
Suppose 54*f - 65*f = 11. What is the tens digit of f - 10647/((-28)/4)?
2
Let v(m) = -m**2 + 643. Let t be (0/(2/2*1))/2. What is the units digit of v(t)?
3
Let d be 37/(-1)*-13*1. Let c = 485 - d. What is the units digit of c?
4
Let h be (-2)/(-15) - ((-590)/75 - -4). Suppose 3*g = -h*o - o + 5693, -o - 5*g + 1143 = 0. What is the thousands digit of o?
1
Let s(m) = -6*m - 82. Let v be s(-14). Suppose 8*p + 15 = 11*p. Suppose -3*a + 319 = v*a - 3*n, -p*n = 5*a - 335. What is the units digit of a?
5
Let l(u) be the second derivative of 7*u**4/6 - u**3/3 + 5*u**2 - 2*u. Suppose t + 17 - 20 = 0. What is the tens digit of l(t)?
3
Let d(w) = -w + 15. Let x be d(13). Suppose x*o = 14 - 10. Suppose 0 = o*p - 0*p - 86. What is the units digit of p?
3
Suppose 191*v - 187*v = 28560. Suppose -4*h + 0*h + v = 5*z, z = 2*h + 1442. What is the tens digit of z?
3
Let w = 545 - -25. Suppose 4*x - 2856 = -5*i, 0 = i + 30*x - 28*x - w. What is the hundreds digit of i?
5
Let i(l) = 535*l - 8595. What is the thousands digit of i(23)?
3
Suppose 0 = 2*x - 4275 + 1473. What is the tens digit of x?
0
Let t(a) = 207*a**3 + 3*a**2 - a + 7. What is the tens digit of t(4)?
9
Let p(v) = v + 4. Suppose -5*d + 7 = -q, 5*d = d + 20. Let l be p(q). Suppose -w + l = r - 10, 0 = -2*w - 3*r + 66. What is the tens digit of w?
3
Let f be 4 + (-100)/26 - 16586/(-13). Let w = f - 824. What is the hundreds digit of w?
4
Suppose 245 = 5*o + 30. Suppose -5*z = o - 63. Suppose -4 = -3*i + z*k + 67, -i + 37 = -4*k. What is the units digit of i?
7
Let v be (-3)/2 - (-4731)/(-6). Let a = v + 1372. What is the hundreds digit of a?
5
Let j = 2 + 3. Suppose j = 3*l - 2*l. Let a = 35 - l. What is the units digit of a?
0
Let d be (-4)/(-18) + 1700/45. Let c = -3 + d. Suppose -32*i = -c*i + 414. What is the hundreds digit of i?
1
Let f(b) be the third derivative of -1/4*b**5 + 13/24*b**4 + 0*b + 0 + 1/120*b**6 + 5*b**3 - 4*b**2. What is the tens digit of f(14)?
1
Suppose 5*l + 4*z 